 7093230?
2
What is the units digit of 7695366?
6
What is the hundreds digit of 19239153?
1
What is the units digit of 3261804?
4
What is the thousands digit of 494311?
4
What is the hundreds digit of 97019?
0
What is the ten thousands digit of 44710?
4
What is the ten thousands digit of 16556708?
5
What is the tens digit of 8440203?
0
What is the tens digit of 185432?
3
What is the hundreds digit of 7073180?
1
What is the tens digit of 1512275?
7
What is the ten thousands digit of 1256840?
5
What is the ten thousands digit of 1545520?
4
What is the hundred thousands digit of 2405563?
4
What is the thousands digit of 601114?
1
What is the ten thousands digit of 5846999?
4
What is the thousands digit of 3278482?
8
What is the tens digit of 959048?
4
What is the tens digit of 1601721?
2
What is the ten thousands digit of 686537?
8
What is the millions digit of 2023829?
2
What is the millions digit of 4673445?
4
What is the hundred thousands digit of 667332?
6
What is the thousands digit of 537024?
7
What is the ten millions digit of 30339724?
3
What is the units digit of 1321010?
0
What is the millions digit of 23047975?
3
What is the units digit of 176486?
6
What is the thousands digit of 105808?
5
What is the millions digit of 7599269?
7
What is the hundreds digit of 610760?
7
What is the units digit of 3260013?
3
What is the hundreds digit of 3168284?
2
What is the tens digit of 76227?
2
What is the tens digit of 55045?
4
What is the millions digit of 1697090?
1
What is the tens digit of 2397488?
8
What is the hundred thousands digit of 2575897?
5
What is the units digit of 300461?
1
What is the thousands digit of 6052526?
2
What is the units digit of 125437?
7
What is the hundred thousands digit of 21108064?
1
What is the thousands digit of 7742008?
2
What is the units digit of 2194147?
7
What is the ten thousands digit of 135802?
3
What is the millions digit of 4412842?
4
What is the tens digit of 786786?
8
What is the tens digit of 183629?
2
What is the tens digit of 16543430?
3
What is the thousands digit of 4739762?
9
What is the millions digit of 4509342?
4
What is the ten thousands digit of 32412878?
1
What is the ten thousands digit of 73377?
7
What is the thousands digit of 92620?
2
What is the hundred thousands digit of 6946426?
9
What is the millions digit of 1752802?
1
What is the tens digit of 14000?
0
What is the hundred thousands digit of 1137814?
1
What is the units digit of 451330?
0
What is the ten thousands digit of 2510949?
1
What is the ten thousands digit of 28128254?
2
What is the hundred thousands digit of 187721?
1
What is the hundreds digit of 6496891?
8
What is the hundreds digit of 3083476?
4
What is the units digit of 610123?
3
What is the ten thousands digit of 2821577?
2
What is the units digit of 327926?
6
What is the hundreds digit of 144473?
4
What is the hundreds digit of 160521?
5
What is the units digit of 672231?
1
What is the tens digit of 1915912?
1
What is the ten thousands digit of 11924959?
2
What is the millions digit of 12854187?
2
What is the units digit of 3894651?
1
What is the thousands digit of 1138563?
8
What is the tens digit of 150508?
0
What is the thousands digit of 4303954?
3
What is the hundreds digit of 31643?
6
What is the units digit of 17583?
3
What is the thousands digit of 1150143?
0
What is the tens digit of 3475605?
0
What is the tens digit of 14453638?
3
What is the ten thousands digit of 4728256?
2
What is the hundreds digit of 2771844?
8
What is the tens digit of 640271?
7
What is the units digit of 2460743?
3
What is the ten thousands digit of 149279?
4
What is the hundred thousands digit of 1979603?
9
What is the hundred thousands digit of 190527?
1
What is the units digit of 40874?
4
What is the hundreds digit of 13149314?
3
What is the millions digit of 3057563?
3
What is the hundreds digit of 33181?
1
What is the hundreds digit of 5692?
6
What is the units digit of 8399949?
9
What is the thousands digit of 10634897?
4
What is the thousands digit of 113162?
3
What is the tens digit of 10959654?
5
What is the hundred thousands digit of 412695?
4
What is the units digit of 916318?
8
What is the hundreds digit of 1982625?
6
What is the tens digit of 2373548?
4
What is the hundred thousands digit of 8686981?
6
What is the tens digit of 2578273?
7
What is the hundred thousands digit of 7383796?
3
What is the hundred thousands digit of 872190?
8
What is the thousands digit of 15689173?
9
What is the ten thousands digit of 230884?
3
What is the millions digit of 7875297?
7
What is the ten thousands digit of 555124?
5
What is the hundreds digit of 5767132?
1
What is the millions digit of 3350957?
3
What is the tens digit of 10498439?
3
What is the tens digit of 5901021?
2
What is the units digit of 29978508?
8
What is the tens digit of 30280221?
2
What is the hundreds digit of 86613?
6
What is the units digit of 9493731?
1
What is the hundreds digit of 1449206?
2
What is the ten thousands digit of 589311?
8
What is the ten thousands digit of 12114435?
1
What is the tens digit of 271448?
4
What is the hundred thousands digit of 174978?
1
What is the tens digit of 2476566?
6
What is the hundred thousands digit of 2020533?
0
What is the ten thousands digit of 206449?
0
What is the hundreds digit of 146559?
5
What is the hundred thousands digit of 493332?
4
What is the hundreds digit of 11255751?
7
What is the thousands digit of 3083735?
3
What is the thousands digit of 11621?
1
What is the ten thousands digit of 4057147?
5
What is the hundred thousands digit of 1909492?
9
What is the hundred thousands digit of 275073?
2
What is the tens digit of 4356214?
1
What is the thousands digit of 13201074?
1
What is the tens digit of 185250?
5
What is the units digit of 894703?
3
What is the ten thousands digit of 63644?
6
What is the hundred thousands digit of 6925462?
9
What is the units digit of 139882?
2
What is the hundreds digit of 64886?
8
What is the hundred thousands digit of 1703751?
7
What is the ten thousands digit of 213293?
1
What is the tens digit of 960878?
7
What is the units digit of 218132?
2
What is the ten thousands digit of 2539342?
3
What is the thousands digit of 11288?
1
What is the tens digit of 10648775?
7
What is the ten thousands digit of 41379?
4
What is the thousands digit of 7568482?
8
What is the thousands digit of 82208?
2
What is the hundred thousands digit of 2353423?
3
What is the units digit of 2848584?
4
What is the thousands digit of 6540901?
0
What is the thousands digit of 463339?
3
What is the ten thousands digit of 1316403?
1
What is the units digit of 149542?
2
What is the ten thousands digit of 950355?
5
What is the thousands digit of 285827?
5
What is the hundreds digit of 17773211?
2
What is the ten thousands digit of 21865?
2
What is the units digit of 739294?
4
What is the tens digit of 357706?
0
What is the units digit of 4909406?
6
What is the units digit of 1351569?
9
What is the hundred thousands digit of 549645?
5
What is the thousands digit of 1341875?
1
What is the thousands digit of 258944?
8
What is the hundreds digit of 137761?
7
What is the tens digit of 83287?
8
What is the units digit of 169847?
7
What is the tens digit of 680013?
1
What is the hundred thousands digit of 2728283?
7
What is the units digit of 2499504?
4
What is the units digit of 81217?
7
What is the tens digit of 2657284?
8
What is the hundred thousands digit of 369111?
3
What is the thousands digit of 290780?
0
What is the hundreds digit of 12417709?
7
What is the thousands digit of 619480?
9
What is the hundred thousands digit of 1442730?
4
What is the units digit of 352832?
2
What is the ten thousands digit of 89934?
8
What is the hundreds digit of 131646?
6
What is the hundred thousands digit of 282984?
2
What is the thousands digit of 774032?
4
What is the hundred thousands digit of 339689?
3
What is the units digit of 112616?
6
What is the thousands digit of 108637?
8
What is the millions digit of 1355916?
1
What is the hundred thousands digit of 25514627?
5
What is the units digit of 60950?
0
What is the millions digit of 2019444?
2
What is the hundred thousands digit of 10935332?
9
What is the hundred thousands digit of 6209956?
2
What is the thousand